{"id":11580,"date":"2024-08-15T08:50:46","date_gmt":"2024-08-15T08:50:46","guid":{"rendered":"https:\/\/www.friendly-bartik.94-130-216-58.plesk.page\/impressum\/"},"modified":"2024-12-18T15:28:38","modified_gmt":"2024-12-18T15:28:38","slug":"impressum","status":"publish","type":"page","link":"https:\/\/www.af-net.eu\/en\/impressum\/","title":{"rendered":"Legal notice"},"content":{"rendered":"\n<div class=\"wp-block-columns is-layout-flex wp-container-core-columns-is-layout-9d6595d7 wp-block-columns-is-layout-flex\">\n<div class=\"wp-block-column is-layout-flow wp-block-column-is-layout-flow\">\n<h3 class=\"wp-block-heading has-afnet-blau-color has-text-color has-link-color wp-elements-ebc5b481904e9d88dafba662380f24cb\"><strong>Kompetenznetz Vorhofflimmern e.V.<\/strong><\/h3>\n\n\n\n<p class=\"has-contrast-color has-text-color has-link-color wp-elements-782e3d3add99139cacbf3e4920e02037\">Mendelstra\u00dfe 11<br>48149 M\u00fcnster<br>Tel.: <a href=\"tel:02519801330\">0251 27600160<\/a><br>Fax: <a href=\"tel:02519801349\">0251 27600179<\/a><\/p>\n\n\n\n<p class=\"has-afnet-blau-color has-text-color has-link-color wp-elements-f129ed939659e5677b1f81e19310a6d6\"><a href=\"mailto:info@kompetenznetz-vorhofflimmern.de\">info[at]kompetenznetz-vorhofflimmern.de<\/a><\/p>\n\n\n\n<div style=\"height:20px\" aria-hidden=\"true\" class=\"wp-block-spacer\"><\/div>\n\n\n\n<p>M\u00fcnster Local Court<br>Association register number VR 5003<\/p>\n\n\n\n<p>USt.-Id.-Nr.: DE274366663<\/p>\n\n\n\n<h3 class=\"wp-block-heading has-afnet-blau-color has-text-color has-link-color wp-elements-785a56748342935d47febbc32942e7e0\"><strong>Represented by<\/strong><\/h3>\n\n\n\n<p>Prof. Dr. med. Paulus Kirchhof<br>&nbsp;<\/p>\n\n\n\n<h3 class=\"wp-block-heading has-afnet-blau-color has-text-color has-link-color wp-elements-c3e0fdfe83b1cef449fb706d8419b610\"><strong>Responsible for the content according to \u00a755 RStV<\/strong><\/h3>\n\n\n\n<p>Prof. Dr. Andreas G\u00f6tte, Am Busdorf 2, 33098 Paderborn<br>&nbsp;<\/p>\n\n\n\n<h3 class=\"wp-block-heading has-afnet-blau-color has-text-color has-link-color wp-elements-7465102037e035b16051e617af337707\"><strong>Editorial office<\/strong><\/h3>\n\n\n\n<p>Dr. rer. nat. Angelika Leute<br><br><\/p>\n\n\n\n<h3 class=\"wp-block-heading has-afnet-blau-color has-text-color has-link-color wp-elements-0dcb618ff7e0a95d38a3c8b06bedf7fd\"><strong>Picture credits<\/strong><\/h3>\n\n\n\n<ul style=\"color:#e9078a\" class=\"wp-block-list has-text-color has-link-color wp-elements-26b55c1b7f7d5ceb4843fd59c7a6f576\">\n<li class=\"has-contrast-color has-text-color has-link-color wp-elements-ef734adc346cf61f1733584da0ed1c63\">Fotos: Dr. rer. nat. Angelika Leute, Kompetenznetz Vorhofflimmern e.V.<\/li>\n\n\n\n<li class=\"has-contrast-color has-text-color has-link-color wp-elements-366fd4b3913a0fd113d6120fbb375001\">Grafiken: cre8ors<strong>\u00ae<\/strong> GmbH, <\/li>\n\n\n\n<li class=\"has-contrast-color has-text-color has-link-color wp-elements-09d8a5404e11e99e03f18e07347e3122\">iStock, Adobe Stock<\/li>\n<\/ul>\n\n\n\n<h3 class=\"wp-block-heading has-afnet-blau-color has-text-color has-link-color wp-elements-e0dbae94828f21b31334cdd50b8943d3\"><strong>Legal information<\/strong><\/h3>\n\n\n\n<p class=\"has-afnet-blau-color has-text-color has-link-color wp-elements-79c799b6e8694230c5d507a2e0e41b48\"><strong>Disclaimer<\/strong><\/p>\n\n\n\n<p>Medical knowledge is subject to continuous change through research and clinical experience. Authors and experts take great care to present factual information in a comprehensible form. Under no circumstances does the information provided by the Atrial Fibrillation Competence Network replace a personal examination or diagnosis by a licensed physician. Liability for content provided by the operators of this site and for contributions by authors and experts is therefore excluded, except in the case of wilful or grossly negligent misinformation. The same applies to retrievable third-party content to which only a link is created.<br>&nbsp;<\/p>\n<\/div>\n\n\n\n<div class=\"wp-block-column is-layout-flow wp-block-column-is-layout-flow\">\n<p class=\"has-afnet-blau-color has-text-color has-link-color wp-elements-05c1859d2072c6112179193c3fc0b4f5\"><strong>Copyrights<\/strong><\/p>\n\n\n\n<p>All texts, images, graphics and the layout of these pages are protected worldwide by copyright. The use of the contents of this website for private purposes is permitted. The use of the texts for other purposes requires the authorisation of the person responsible for this website. The product names or company names mentioned on this website are the property of their respective owners and as such are subject to legal trademark, brand and\/or patent protection. A counterstatement claim only applies within the meaning of \u00a710 MdStV.<br>&nbsp;<\/p>\n\n\n\n<p class=\"has-afnet-blau-color has-text-color has-link-color wp-elements-c65526b7f87fd02dce60e9185b526189\"><strong>External references and links<\/strong><\/p>\n\n\n\n<p>The author accepts no liability for direct or indirect references to external websites (\u2018hyperlinks\u2019) that lie outside the author&#8217;s area of responsibility. The author hereby expressly declares that no illegal content was recognisable on the linked pages at the time the links were created. The author has no influence whatsoever on the current and future design, content or authorship of the linked\/referenced pages. The author therefore expressly distances himself from all contents of all linked pages that were changed after the link was created. This statement applies to all links and references set within the author&#8217;s own website. Liability for illegal, incorrect or incomplete content and in particular for damages resulting from the use or non-use of such information lies solely with the provider of the linked site and not with the party who merely refers to the respective publication via links.<\/p>\n\n\n\n<p class=\"has-afnet-blau-color has-text-color has-link-color wp-elements-01cc44cfa8ae93c013a80344b8fc0b66\"><strong>Severability clause<\/strong><\/p>\n\n\n\n<p>If one of the above clauses\/provisions is invalid in whole or in part due to statutory provisions, regulations or amendments to the law, this provision shall be replaced by the provision that comes closest to the intended purpose of the clause\/provision. All other provisions remain unaffected by this and continue to apply in full. external auditors for quality control of AFNET processes and for auditing our partners.<\/p>\n\n\n\n<div style=\"height:60px\" aria-hidden=\"true\" class=\"wp-block-spacer\"><\/div>\n\n\n\n<h3 class=\"wp-block-heading has-afnet-blau-color has-text-color has-link-color wp-elements-a81c4cf2a63468dc0cc324f032288511\"><strong>Programming, design &amp; realisation:<\/strong><\/h3>\n\n\n\n<div style=\"height:20px\" aria-hidden=\"true\" class=\"wp-block-spacer\"><\/div>\n\n\n\n<figure class=\"wp-block-image size-full is-style-default\"><img loading=\"lazy\" decoding=\"async\" width=\"176\" height=\"31\" src=\"https:\/\/www.af-net.eu\/wp-content\/uploads\/2024\/11\/cre8ors_right_reserved_neu.png\" alt=\"\" class=\"wp-image-11584\"\/><\/figure>\n\n\n\n<div style=\"height:20px\" aria-hidden=\"true\" class=\"wp-block-spacer\"><\/div>\n\n\n\n<p class=\"has-contrast-color has-text-color has-link-color wp-elements-89bd97f4fc4b951b88dbc58085e38498\"><strong>cre8ors\u00ae GmbH<br><\/strong>Lublinring 12 | 48147 M\u00fcnster<br><a href=\"mailto:moin@cre8ors.ms\">moin@cre8ors.ms<\/a><br><a href=\"http:\/\/cre8ors.ms\/\" target=\"_blank\" rel=\"noreferrer noopener\">cre8ors.ms<\/a><\/p>\n<\/div>\n<\/div>\n\n\n\n<p><\/p>\n","protected":false},"excerpt":{"rendered":"<p>Kompetenznetz Vorhofflimmern e.V. Mendelstra\u00dfe 1148149 M\u00fcnsterTel.: 0251 27600160Fax: 0251 27600179 info[at]kompetenznetz-vorhofflimmern.de M\u00fcnster Local CourtAssociation register number VR 5003 USt.-Id.-Nr.: DE274366663 Represented by Prof. Dr. med. Paulus Kirchhof&nbsp; Responsible for the content according to \u00a755 RStV Prof. Dr. Andreas G\u00f6tte, Am Busdorf 2, 33098 Paderborn&nbsp; Editorial office Dr. rer. nat. Angelika Leute Picture credits Legal information &#8230; <a title=\"Legal notice\" class=\"read-more\" href=\"https:\/\/www.af-net.eu\/en\/impressum\/\" aria-label=\"Read more about Legal notice\">Read more<\/a><\/p>\n","protected":false},"author":1,"featured_media":0,"parent":0,"menu_order":0,"comment_status":"closed","ping_status":"closed","template":"","meta":{"_acf_changed":false,"_uag_custom_page_level_css":"","iawp_total_views":24,"_vp_format_video_url":"","_vp_image_focal_point":[],"footnotes":""},"class_list":["post-11580","page","type-page","status-publish"],"acf":[],"uagb_featured_image_src":{"full":false,"thumbnail":false,"medium":false,"medium_large":false,"large":false,"timeline-express":false,"timeline-express-thumbnail":false,"1536x1536":false,"2048x2048":false,"vp_sm":false,"vp_md":false,"vp_lg":false,"vp_xl":false,"vp_sm_popup":false,"vp_md_popup":false,"vp_xl_popup":false},"uagb_author_info":{"display_name":"admin","author_link":"https:\/\/www.af-net.eu\/en\/author\/cre8ors\/"},"uagb_comment_info":0,"uagb_excerpt":"Kompetenznetz Vorhofflimmern e.V. Mendelstra\u00dfe 1148149 M\u00fcnsterTel.: 0251 27600160Fax: 0251 27600179 info[at]kompetenznetz-vorhofflimmern.de M\u00fcnster Local CourtAssociation register number VR 5003 USt.-Id.-Nr.: DE274366663 Represented by Prof. Dr. med. Paulus Kirchhof&nbsp; Responsible for the content according to \u00a755 RStV Prof. Dr. Andreas G\u00f6tte, Am Busdorf 2, 33098 Paderborn&nbsp; Editorial office Dr. rer. nat. Angelika Leute Picture credits Legal information&hellip;","_links":{"self":[{"href":"https:\/\/www.af-net.eu\/en\/wp-json\/wp\/v2\/pages\/11580","targetHints":{"allow":["GET"]}}],"collection":[{"href":"https:\/\/www.af-net.eu\/en\/wp-json\/wp\/v2\/pages"}],"about":[{"href":"https:\/\/www.af-net.eu\/en\/wp-json\/wp\/v2\/types\/page"}],"author":[{"embeddable":true,"href":"https:\/\/www.af-net.eu\/en\/wp-json\/wp\/v2\/users\/1"}],"replies":[{"embeddable":true,"href":"https:\/\/www.af-net.eu\/en\/wp-json\/wp\/v2\/comments?post=11580"}],"version-history":[{"count":3,"href":"https:\/\/www.af-net.eu\/en\/wp-json\/wp\/v2\/pages\/11580\/revisions"}],"predecessor-version":[{"id":13519,"href":"https:\/\/www.af-net.eu\/en\/wp-json\/wp\/v2\/pages\/11580\/revisions\/13519"}],"wp:attachment":[{"href":"https:\/\/www.af-net.eu\/en\/wp-json\/wp\/v2\/media?parent=11580"}],"curies":[{"name":"wp","href":"https:\/\/api.w.org\/{rel}","templated":true}]}}

<div class="wp-block-columns is-layout-flex wp-container-core-columns-is-layout-9d6595d7 wp-block-columns-is-layout-flex">
<div class="wp-block-column is-layout-flow wp-block-column-is-layout-flow">
<h3 class="wp-block-heading has-afnet-blau-color has-text-color has-link-color wp-elements-ebc5b481904e9d88dafba662380f24cb"><strong>Kompetenznetz Vorhofflimmern e.V.</strong></h3>



<p class="has-contrast-color has-text-color has-link-color wp-elements-782e3d3add99139cacbf3e4920e02037">Mendelstraße 11<br>48149 Münster<br>Tel.: <a href="tel:02519801330">0251 27600160</a><br>Fax: <a href="tel:02519801349">0251 27600179</a></p>



<p class="has-afnet-blau-color has-text-color has-link-color wp-elements-f129ed939659e5677b1f81e19310a6d6"><a href="mailto:info@kompetenznetz-vorhofflimmern.de">info[at]kompetenznetz-vorhofflimmern.de</a></p>



<div style="height:20px" aria-hidden="true" class="wp-block-spacer"></div>



<p>Münster Local Court<br>Association register number VR 5003</p>



<p>USt.-Id.-Nr.: DE274366663</p>



<h3 class="wp-block-heading has-afnet-blau-color has-text-color has-link-color wp-elements-785a56748342935d47febbc32942e7e0"><strong>Represented by</strong></h3>



<p>Prof. Dr. med. Paulus Kirchhof<br>&nbsp;</p>



<h3 class="wp-block-heading has-afnet-blau-color has-text-color has-link-color wp-elements-c3e0fdfe83b1cef449fb706d8419b610"><strong>Responsible for the content according to §55 RStV</strong></h3>



<p>Prof. Dr. Andreas Götte, Am Busdorf 2, 33098 Paderborn<br>&nbsp;</p>



<h3 class="wp-block-heading has-afnet-blau-color has-text-color has-link-color wp-elements-7465102037e035b16051e617af337707"><strong>Editorial office</strong></h3>



<p>Dr. rer. nat. Angelika Leute<br><br></p>



<h3 class="wp-block-heading has-afnet-blau-color has-text-color has-link-color wp-elements-0dcb618ff7e0a95d38a3c8b06bedf7fd"><strong>Picture credits</strong></h3>



<ul style="color:#e9078a" class="wp-block-list has-text-color has-link-color wp-elements-26b55c1b7f7d5ceb4843fd59c7a6f576">
<li class="has-contrast-color has-text-color has-link-color wp-elements-ef734adc346cf61f1733584da0ed1c63">Fotos: Dr. rer. nat. Angelika Leute, Kompetenznetz Vorhofflimmern e.V.</li>



<li class="has-contrast-color has-text-color has-link-color wp-elements-366fd4b3913a0fd113d6120fbb375001">Grafiken: cre8ors<strong>®</strong> GmbH, </li>



<li class="has-contrast-color has-text-color has-link-color wp-elements-09d8a5404e11e99e03f18e07347e3122">iStock, Adobe Stock</li>
</ul>



<h3 class="wp-block-heading has-afnet-blau-color has-text-color has-link-color wp-elements-e0dbae94828f21b31334cdd50b8943d3"><strong>Legal information</strong></h3>



<p class="has-afnet-blau-color has-text-color has-link-color wp-elements-79c799b6e8694230c5d507a2e0e41b48"><strong>Disclaimer</strong></p>



<p>Medical knowledge is subject to continuous change through research and clinical experience. Authors and experts take great care to present factual information in a comprehensible form. Under no circumstances does the information provided by the Atrial Fibrillation Competence Network replace a personal examination or diagnosis by a licensed physician. Liability for content provided by the operators of this site and for contributions by authors and experts is therefore excluded, except in the case of wilful or grossly negligent misinformation. The same applies to retrievable third-party content to which only a link is created.<br>&nbsp;</p>
</div>



<div class="wp-block-column is-layout-flow wp-block-column-is-layout-flow">
<p class="has-afnet-blau-color has-text-color has-link-color wp-elements-05c1859d2072c6112179193c3fc0b4f5"><strong>Copyrights</strong></p>



<p>All texts, images, graphics and the layout of these pages are protected worldwide by copyright. The use of the contents of this website for private purposes is permitted. The use of the texts for other purposes requires the authorisation of the person responsible for this website. The product names or company names mentioned on this website are the property of their respective owners and as such are subject to legal trademark, brand and/or patent protection. A counterstatement claim only applies within the meaning of §10 MdStV.<br>&nbsp;</p>



<p class="has-afnet-blau-color has-text-color has-link-color wp-elements-c65526b7f87fd02dce60e9185b526189"><strong>External references and links</strong></p>



<p>The author accepts no liability for direct or indirect references to external websites (‘hyperlinks’) that lie outside the author&#8217;s area of responsibility. The author hereby expressly declares that no illegal content was recognisable on the linked pages at the time the links were created. The author has no influence whatsoever on the current and future design, content or authorship of the linked/referenced pages. The author therefore expressly distances himself from all contents of all linked pages that were changed after the link was created. This statement applies to all links and references set within the author&#8217;s own website. Liability for illegal, incorrect or incomplete content and in particular for damages resulting from the use or non-use of such information lies solely with the provider of the linked site and not with the party who merely refers to the respective publication via links.</p>



<p class="has-afnet-blau-color has-text-color has-link-color wp-elements-01cc44cfa8ae93c013a80344b8fc0b66"><strong>Severability clause</strong></p>



<p>If one of the above clauses/provisions is invalid in whole or in part due to statutory provisions, regulations or amendments to the law, this provision shall be replaced by the provision that comes closest to the intended purpose of the clause/provision. All other provisions remain unaffected by this and continue to apply in full. external auditors for quality control of AFNET processes and for auditing our partners.</p>



<div style="height:60px" aria-hidden="true" class="wp-block-spacer"></div>



<h3 class="wp-block-heading has-afnet-blau-color has-text-color has-link-color wp-elements-a81c4cf2a63468dc0cc324f032288511"><strong>Programming, design &amp; realisation:</strong></h3>



<div style="height:20px" aria-hidden="true" class="wp-block-spacer"></div>



<figure class="wp-block-image size-full is-style-default"><img loading="lazy" decoding="async" width="176" height="31" src="https://www.af-net.eu/wp-content/uploads/2024/11/cre8ors_right_reserved_neu.png" alt="" class="wp-image-11584"/></figure>



<div style="height:20px" aria-hidden="true" class="wp-block-spacer"></div>



<p class="has-contrast-color has-text-color has-link-color wp-elements-89bd97f4fc4b951b88dbc58085e38498"><strong>cre8ors® GmbH<br></strong>Lublinring 12 | 48147 Münster<br><a href="mailto:moin@cre8ors.ms">moin@cre8ors.ms</a><br><a href="http://cre8ors.ms/" target="_blank" rel="noreferrer noopener">cre8ors.ms</a></p>
</div>
</div>



<p></p>

<p>Kompetenznetz Vorhofflimmern e.V. Mendelstraße 1148149 MünsterTel.: 0251 27600160Fax: 0251 27600179 info[at]kompetenznetz-vorhofflimmern.de Münster Local CourtAssociation register number VR 5003 USt.-Id.-Nr.: DE274366663 Represented by Prof. Dr. med. Paulus Kirchhof&nbsp; Responsible for the content according to §55 RStV Prof. Dr. Andreas Götte, Am Busdorf 2, 33098 Paderborn&nbsp; Editorial office Dr. rer. nat. Angelika Leute Picture credits Legal information &#8230; <a title="Legal notice" class="read-more" href="https://www.af-net.eu/en/impressum/" aria-label="Read more about Legal notice">Read more</a></p>

Kompetenznetz Vorhofflimmern e.V. Mendelstraße 1148149 MünsterTel.: 0251 27600160Fax: 0251 27600179 info[at]kompetenznetz-vorhofflimmern.de Münster Local CourtAssociation register number VR 5003 USt.-Id.-Nr.: DE274366663 Represented by Prof. Dr. med. Paulus Kirchhof&nbsp; Responsible for the content according to §55 RStV Prof. Dr. Andreas Götte, Am Busdorf 2, 33098 Paderborn&nbsp; Editorial office Dr. rer. nat. Angelika Leute Picture credits Legal information&hellip;
